[INFO] cloning repository https://github.com/aQaTL/idsr
[INFO] running `Command { std: "git" "-c" "credential.helper=" "-c" "credential.helper=/workspace/cargo-home/bin/git-credential-null" "clone" "--bare" "https://github.com/aQaTL/idsr" "/workspace/cache/git-repos/https%3A%2F%2Fgithub.com%2FaQaTL%2Fidsr", kill_on_drop: false }`
[INFO] [stderr] Cloning into bare repository '/workspace/cache/git-repos/https%3A%2F%2Fgithub.com%2FaQaTL%2Fidsr'...
[INFO] running `Command { std: "git" "rev-parse" "HEAD", kill_on_drop: false }`
[INFO] [stdout] 4c8eb691176ecc3c1cf34e3c18ecdbb3e76470c7
[INFO] checking aQaTL/idsr against try#72f88fc4e9458f89516a0b8b0868f3718aec5b47 for pr-74989
[INFO] running `Command { std: "git" "clone" "/workspace/cache/git-repos/https%3A%2F%2Fgithub.com%2FaQaTL%2Fidsr" "/workspace/builds/worker-7/source", kill_on_drop: false }`
[INFO] [stderr] Cloning into '/workspace/builds/worker-7/source'...
[INFO] [stderr] done.
[INFO] validating manifest of git repo https://github.com/aQaTL/idsr on toolchain 72f88fc4e9458f89516a0b8b0868f3718aec5b47
[INFO] running `Command { std: "/workspace/cargo-home/bin/cargo" "+72f88fc4e9458f89516a0b8b0868f3718aec5b47" "read-manifest" "--manifest-path" "Cargo.toml", kill_on_drop: false }`
[INFO] started tweaking git repo https://github.com/aQaTL/idsr
[INFO] finished tweaking git repo https://github.com/aQaTL/idsr
[INFO] tweaked toml for git repo https://github.com/aQaTL/idsr written to /workspace/builds/worker-7/source/Cargo.toml
[INFO] crate git repo https://github.com/aQaTL/idsr already has a lockfile, it will not be regenerated
[INFO] running `Command { std: "/workspace/cargo-home/bin/cargo" "+72f88fc4e9458f89516a0b8b0868f3718aec5b47" "fetch" "--locked" "--manifest-path" "Cargo.toml", kill_on_drop: false }`
[INFO] [stderr]  Downloading crates ...
[INFO] [stderr]   Downloaded num-derive v0.2.3
[INFO] [stderr]   Downloaded regex v1.0.6
[INFO] [stderr]   Downloaded regex-syntax v0.6.3
[INFO] running `Command { std: "docker" "create" "-v" "/var/lib/crater-agent-workspace/builds/worker-7/target:/opt/rustwide/target:rw,Z" "-v" "/var/lib/crater-agent-workspace/builds/worker-7/source:/opt/rustwide/workdir:ro,Z" "-v" "/var/lib/crater-agent-workspace/cargo-home:/opt/rustwide/cargo-home:ro,Z" "-v" "/var/lib/crater-agent-workspace/rustup-home:/opt/rustwide/rustup-home:ro,Z" "-e" "SOURCE_DIR=/opt/rustwide/workdir" "-e" "CARGO_TARGET_DIR=/opt/rustwide/target" "-e" "CARGO_HOME=/opt/rustwide/cargo-home" "-e" "RUSTUP_HOME=/opt/rustwide/rustup-home" "-w" "/opt/rustwide/workdir" "-m" "1610612736" "--user" "0:0" "--network" "none" "rustops/crates-build-env@sha256:d92eaeed33fa75130ca1ee6c8a01d1ffb62bac859dfdfb3450e3e5d1c0146529" "/opt/rustwide/cargo-home/bin/cargo" "+72f88fc4e9458f89516a0b8b0868f3718aec5b47" "metadata" "--no-deps" "--format-version=1", kill_on_drop: false }`
[INFO] [stdout] 82a9d71b461bbd2a6a31e0717d2f5d09968806837919ca1a2de29ce8767a97dc
[INFO] [stderr] WARNING: Your kernel does not support swap limit capabilities or the cgroup is not mounted. Memory limited without swap.
[INFO] running `Command { std: "docker" "start" "-a" "82a9d71b461bbd2a6a31e0717d2f5d09968806837919ca1a2de29ce8767a97dc", kill_on_drop: false }`
[INFO] running `Command { std: "docker" "inspect" "82a9d71b461bbd2a6a31e0717d2f5d09968806837919ca1a2de29ce8767a97dc", kill_on_drop: false }`
[INFO] running `Command { std: "docker" "rm" "-f" "82a9d71b461bbd2a6a31e0717d2f5d09968806837919ca1a2de29ce8767a97dc", kill_on_drop: false }`
[INFO] [stdout] 82a9d71b461bbd2a6a31e0717d2f5d09968806837919ca1a2de29ce8767a97dc
[INFO] running `Command { std: "docker" "create" "-v" "/var/lib/crater-agent-workspace/builds/worker-7/target:/opt/rustwide/target:rw,Z" "-v" "/var/lib/crater-agent-workspace/builds/worker-7/source:/opt/rustwide/workdir:ro,Z" "-v" "/var/lib/crater-agent-workspace/cargo-home:/opt/rustwide/cargo-home:ro,Z" "-v" "/var/lib/crater-agent-workspace/rustup-home:/opt/rustwide/rustup-home:ro,Z" "-e" "SOURCE_DIR=/opt/rustwide/workdir" "-e" "CARGO_TARGET_DIR=/opt/rustwide/target" "-e" "CARGO_INCREMENTAL=0" "-e" "RUST_BACKTRACE=full" "-e" "RUSTFLAGS=--cap-lints=forbid" "-e" "CARGO_HOME=/opt/rustwide/cargo-home" "-e" "RUSTUP_HOME=/opt/rustwide/rustup-home" "-w" "/opt/rustwide/workdir" "-m" "1610612736" "--user" "0:0" "--network" "none" "rustops/crates-build-env@sha256:d92eaeed33fa75130ca1ee6c8a01d1ffb62bac859dfdfb3450e3e5d1c0146529" "/opt/rustwide/cargo-home/bin/cargo" "+72f88fc4e9458f89516a0b8b0868f3718aec5b47" "check" "--frozen" "--all" "--all-targets" "--message-format=json", kill_on_drop: false }`
[INFO] [stdout] 6cfee5c0e8b248503234597f1608450f03bec14bc54f22a30c7ae34e8944d7d5
[INFO] [stderr] WARNING: Your kernel does not support swap limit capabilities or the cgroup is not mounted. Memory limited without swap.
[INFO] running `Command { std: "docker" "start" "-a" "6cfee5c0e8b248503234597f1608450f03bec14bc54f22a30c7ae34e8944d7d5", kill_on_drop: false }`
[INFO] [stderr]    Compiling libc v0.2.44
[INFO] [stderr]     Checking scopeguard v0.3.3
[INFO] [stderr]    Compiling proc-macro2 v0.4.24
[INFO] [stderr]     Checking memoffset v0.2.1
[INFO] [stderr]    Compiling rayon-core v1.4.1
[INFO] [stderr]     Checking byteorder v1.2.7
[INFO] [stderr]    Compiling rayon v1.0.3
[INFO] [stderr]    Compiling winapi v0.3.6
[INFO] [stderr]     Checking arrayvec v0.4.8
[INFO] [stderr]     Checking crossbeam-utils v0.2.2
[INFO] [stderr]    Compiling nuklear-sys v1.33.2
[INFO] [stderr]    Compiling memchr v2.1.1
[INFO] [stderr]     Checking log v0.4.6
[INFO] [stderr]     Checking inflate v0.4.3
[INFO] [stderr]     Checking regex-syntax v0.6.3
[INFO] [stderr]    Compiling num-traits v0.2.6
[INFO] [stderr]     Checking num-rational v0.1.42
[INFO] [stderr]     Checking log v0.3.9
[INFO] [stderr]     Checking deflate v0.7.19
[INFO] [stderr]     Checking crossbeam-epoch v0.3.1
[INFO] [stderr]     Checking crossbeam-deque v0.2.0
[INFO] [stderr]     Checking png v0.12.0
[INFO] [stderr]     Checking num_cpus v1.8.0
[INFO] [stderr]    Compiling quote v0.6.10
[INFO] [stderr]    Compiling syn v0.15.22
[INFO] [stderr]     Checking aho-corasick v0.6.9
[INFO] [stderr]     Checking regex v1.0.6
[INFO] [stderr]     Checking nuklear-rust v0.5.1
[INFO] [stdout] error[E0432]: unresolved import `std::alloc::Alloc`
[INFO] [stdout]  --> /opt/rustwide/cargo-home/registry/src/github.com-1ecc6299db9ec823/nuklear-rust-0.5.1/src/alloc_heap.rs:8:18
[INFO] [stdout]   |
[INFO] [stdout] 8 | use std::alloc::{Alloc, Global, Layout};
[INFO] [stdout]   |                  ^^^^^
[INFO] [stdout]   |                  |
[INFO] [stdout]   |                  no `Alloc` in `alloc`
[INFO] [stdout]   |                  help: a similar name exists in the module: `alloc`
[INFO] [stdout] 
[INFO] [stdout] 
[INFO] [stdout] error[E0599]: no method named `alloc` found for struct `std::alloc::Global` in the current scope
[INFO] [stdout]   --> /opt/rustwide/cargo-home/registry/src/github.com-1ecc6299db9ec823/nuklear-rust-0.5.1/src/alloc_heap.rs:19:25
[INFO] [stdout]    |
[INFO] [stdout] 19 |     let memory = Global.alloc(Layout::from_size_align(size, ALIGNMENT).unwrap()).unwrap();
[INFO] [stdout]    |                         ^^^^^ method not found in `std::alloc::Global`
[INFO] [stdout]    |
[INFO] [stdout]    = help: items from traits can only be used if the trait is in scope
[INFO] [stdout]    = note: the following trait is implemented but not in scope; perhaps add a `use` for it:
[INFO] [stdout]            `use std::alloc::AllocRef;`
[INFO] [stdout] 
[INFO] [stdout] 
[INFO] [stdout] error[E0599]: no method named `dealloc` found for struct `std::alloc::Global` in the current scope
[INFO] [stdout]   --> /opt/rustwide/cargo-home/registry/src/github.com-1ecc6299db9ec823/nuklear-rust-0.5.1/src/alloc_heap.rs:40:12
[INFO] [stdout]    |
[INFO] [stdout] 40 |     Global.dealloc(NonNull::new(old).unwrap(), Layout::from_size_align(old_size, ALIGNMENT).unwrap());
[INFO] [stdout]    |            ^^^^^^^ method not found in `std::alloc::Global`
[INFO] [stdout]    |
[INFO] [stdout]    = help: items from traits can only be used if the trait is in scope
[INFO] [stdout]    = note: the following trait is implemented but not in scope; perhaps add a `use` for it:
[INFO] [stdout]            `use std::alloc::AllocRef;`
[INFO] [stdout] 
[INFO] [stdout] 
[INFO] [stdout] error: aborting due to 3 previous errors
[INFO] [stdout] 
[INFO] [stdout] 
[INFO] [stdout] Some errors have detailed explanations: E0432, E0599.
[INFO] [stdout] 
[INFO] [stdout] For more information about an error, try `rustc --explain E0432`.
[INFO] [stdout] 
[INFO] [stderr] error: could not compile `nuklear-rust`.
[INFO] [stderr] 
[INFO] [stderr] To learn more, run the command again with --verbose.
[INFO] [stderr] warning: build failed, waiting for other jobs to finish...
[INFO] [stderr] error: build failed
[INFO] running `Command { std: "docker" "inspect" "6cfee5c0e8b248503234597f1608450f03bec14bc54f22a30c7ae34e8944d7d5", kill_on_drop: false }`
[INFO] running `Command { std: "docker" "rm" "-f" "6cfee5c0e8b248503234597f1608450f03bec14bc54f22a30c7ae34e8944d7d5", kill_on_drop: false }`
[INFO] [stdout] 6cfee5c0e8b248503234597f1608450f03bec14bc54f22a30c7ae34e8944d7d5
